se -v*m + a*m = 943. Is m prime?
False
Let t(s) = 14 - 22 - 14*s**3 - 10*s**2 + 19*s**3 + 28*s - 8*s**3. Is t(-9) a prime number?
True
Suppose 166 = -5*b + 181. Suppose b*w + w - 2*x = 53238, 3*w - 39941 = 4*x. Is w a composite number?
True
Let h be 2164/8*(-5 + 7). Let u = 1460 - h. Is u composite?
False
Let n be (-14)/(-2) - (-5 - 9). Suppose -n*r + 64991 = 13058. Is r composite?
False
Let k be 609/58*12/7. Let p(g) = 2*g**3 - 28*g**2 + 14*g + 105. Is p(k) composite?
True
Let j(p) = 7560 + 16*p - 893 + 3*p - 5*p. Is j(0) a prime number?
False
Suppose 223*s = 227*s - 3*t - 801553, 400775 = 2*s - t. Is s a prime number?
False
Let k(o) = 22*o + 13 - 1 - 3*o**2 - 21*o. Let r be k(4). Is ((-29976)/r)/(3/12) prime?
False
Let a(x) be the first derivative of 8*x**3/3 - 13*x**2/2 - 17*x - 1. Suppose 0 = -n - 3*n + 48. Is a(n) a composite number?
True
Let a(s) = -204*s - 429*s - 2127*s + 1. Is a(-1) composite?
True
Let x = -17460 - -41593. Is x prime?
True
Suppose 9670514 = 3285*o - 3227*o. Is o prime?
False
Let s = 38605 + -29100. Is s a prime number?
False
Suppose 0 = -10*w - 16819 + 56389. Is w prime?
False
Suppose 2*f - 4*q = 11060 - 41330, -60488 = 4*f + 5*q. Let z = 21266 + f. Is z composite?
True
Let t = 67 + -66. Is t/((2/(-2))/(-1037)) a prime number?
False
Suppose 17*u = 155 + 66. Is (6 + u/(-2))/(1/(-73658)) prime?
False
Let p be (6/21 - (-69)/(-21)) + 5. Suppose -3*x = 2*y - x - 472, 0 = y - p*x - 224. Let j = 381 - y. Is j prime?
True
Let q(r) = -r**3 + 20*r**2 + 22*r - 16. Let p be q(21). Let a be (-1 + 4)*(2516 - 1). Suppose 10*h = p*h + a. Is h a composite number?
True
Let s = 207891 - 87311. Suppose -22*j + s = -2*j. Is j prime?
True
Is -14 + 24/8 + 119088 composite?
True
Suppose f + 3 = 0, -597267 = -2*p + 4*f + 716047. Is p a composite number?
False
Suppose 1015*z + 3060507 - 469751 = 1043*z. Is z composite?
True
Let b(i) = 0 + 1 + 17*i**3 - 13*i**3. Let f be b(1). Let d(t) = 2*t**2 + 15*t + 6. Is d(f) prime?
True
Let r(b) = -3*b**3 + 3*b**2 + 11*b + 4. Let f(h) = -h**2 + h - 1. Let t(q) = -3*f(q) + r(q). Let o be t(8). Let y = -494 - o. Is y a composite number?
False
Let s = 245525 - 89323. Is s a composite number?
True
Suppose -3*r = -y - 353100, -5*r - 256495 = 2*y - 845006. Is r a composite number?
False
Suppose 3*h - 3*p = -2*p + 2, 6 = -3*h + 3*p. Let t be ((-1)/3*3)/(h/(-4)). Suppose 0 = -t*w + 147 + 259. Is w composite?
True
Suppose 4*c + 4*t = 2237884, -22*c + 30*c + 4*t - 4475760 = 0. Is c prime?
True
Let c(d) = -2*d + 19. Let m be c(9). Let n be (m - 712)/((-1)/1) + 0. Let j = n + -420. Is j a prime number?
False
Is (1/((-2)/(-2)))/(-25 - 14059442/(-562377)) prime?
False
Let g(r) = -6386*r + 4693. Is g(-5) a composite number?
True
Let k = 50820 + 27983. Is k a prime number?
True
Suppose -62 = j + 2*u, 2*j + 3*j - 5*u + 250 = 0. Let b = j - -56. Suppose -a + 5*z + 427 = 0, -b*a + 2108 = 3*a + 2*z. Is a a composite number?
True
Let g be (-83238)/(-22) + 72/(-132). Suppose -i - w - 2515 = -3*i, 0 = 3*i + 2*w - g. Is i composite?
False
Let v(k) = -37*k**2 + 2739*k + 5. Is v(49) a composite number?
True
Suppose 5*s = -x + 14257, 4*x + 0*s + s - 57085 = 0. Suppose -4*o = -x - 336. Suppose 0*t = -4*t + o. Is t composite?
True
Let f(w) be the second derivative of w**5/15 + 5*w**4/24 + w**3/3 + 9*w**2/2 + 24*w. Let c(o) be the first derivative of f(o). Is c(11) prime?
True
Let r = -83632 - -130865. Is r a composite number?
True
Let z be -1*1*(1 + -3) - -3. Suppose -4*h - 2*d = -6, h - z*h + 5*d + 13 = 0. Suppose h*c - 215 - 867 = 0. Is c a prime number?
True
Let s(f) = 2834*f**2 + 126*f - 1849. Is s(20) a composite number?
False
Suppose 0 = -h + 4, -2*h - 65984 = -5*t + 115503. Is t a prime number?
True
Let j(c) = 25*c**2 + 23*c + 101. Let n be (-4)/(-2) + (-32 - -20). Is j(n) prime?
True
Let t(f) = 235*f - 36. Let m(d) = -7 + 7 - 9 + 234*d - 26. Let k(c) = 5*m(c) - 4*t(c). Is k(4) a prime number?
False
Suppose 4*g = -2*r + 1354, 2043 = 5*r - 2*r + 2*g. Let i(j) = -33*j**2 - 2*j - 2. Let s be i(-2). Let m = s + r. Is m a prime number?
False
Let f = -32982 - -219929. Is f prime?
True
Let b = -43109 + 389278. Is b a composite number?
False
Let l(t) = 2*t**3 - 3*t**2 + t - 1. Let i be l(2). Suppose -2*u + i*u = -114. Is (u/4)/((-19)/1178) a composite number?
True
Suppose 5*s - 45503 = -3*q - 12436, s - 3*q = 6617. Suppose -5*t = -u - 11010, 3*u - 4*u = 3*t - s. Is t a composite number?
False
Let u be 4064/6 - ((-24)/9)/4. Suppose -u - 1287 = -5*n. Is n composite?
True
Suppose -3*n + 545 = l - 109, -l - n = -658. Suppose -2*a + l = 5*y - 3*y, -3*y = -a - 994. Is y composite?
False
Suppose -227*f + 3123193 = -204*f. Is f a prime number?
False
Let c(i) = -25*i**2 + 26*i + 96. Let v be c(-5). Let z = 20006 + v. Is z a composite number?
True
Let l be ((-7)/21)/((-3)/18). Suppose -5*b = 10, 5*z - l*b = 2*b + 98. Suppose z = 4*f - 10. Is f a prime number?
True
Let f = 177638 - -46556. Is f composite?
True
Suppose -5*p + 4*a + 497038 = 199942, 297060 = 5*p + 5*a. Is (p/(-196))/((-2)/7) a prime number?
True
Let c(s) = s**3 + 14*s**2 - 7*s - 49. Let w be c(-7). Suppose -w - 666 = -h. Is h a composite number?
False
Suppose -778106 = 136*t - 150*t. Is t a composite number?
False
Let r = -513 - -515. Is ((-32)/80)/(r/(-53285)) a prime number?
True
Suppose 1366187 = 3*r + 4*j, -5*r + 11*j - 2276987 = -10*r. Is r composite?
False
Let i be (190/(-20))/(0 - 2/8). Suppose i = 8*y - 90. Suppose y*n = 20*n - 4228. Is n a prime number?
False
Let m = 46 + -33. Let u be (3/(-2))/(49/2 - 25). Suppose a - 7 - m = 5*p, -u*a + 36 = -3*p. Is a prime?
False
Suppose 29*y - 24*y = 0. Suppose -5*i = 5*m - 0*i - 3615, -m + 3*i + 739 = y. Suppose m = s - 0*v + 3*v, -4*s = -3*v - 2863. Is s prime?
False
Suppose -s = 7*d - 425240, -131376 + 313629 = 3*d - 2*s. Is d composite?
True
Let t(z) = z**2 - 6*z + 4. Let y be (144/20)/(-3)*10/(-4). Let d be t(y). Suppose 0 = k + 3*k + b - 526, -647 = -5*k + d*b. Is k a prime number?
True
Is (-1606706)/(-18) + 16/(-48)*8/6 a composite number?
False
Let o(j) be the third derivative of 29*j**2 + 1/60*j**5 + 961/120*j**6 - 1/8*j**4 + 0*j + 0 + 1/3*j**3. Is o(1) a composite number?
True
Let z(d) = 1134*d**2 - 76*d + 313. Is z(5) a prime number?
True
Suppose -213 - 291 = -18*o. Is 3/4 + (1592745/o)/15 composite?
False
Let j = -47 + 66. Let i = j - 21. Is (1055/10)/(-1)*i prime?
True
Let k(p) = -70084*p + 1015. Is k(-7) a prime number?
False
Suppose 0 = 9*z - 26*z + 6484969 - 1316136. Is z a prime number?
True
Let r = 206510 - -57557. Is r a prime number?
False
Let j(b) = -198 + 209 + 0*b + b. Let a be j(-8). Suppose a*t - 5*t + 222 = 0. Is t composite?
True
Let p be ((-1)/(-4))/(2/77048). Suppose -b = -282 - p. Is b prime?
False
Let m = -35 - -38. Suppose -16*p = -m*p. Let a(o) = -o**2 + o + 707. Is a(p) a prime number?
False
Let q be 3/(-11) + (-720)/(-220). Is (6 - 4552)*-13 + q composite?
True
Let a(q) = 69521*q - 924. Is a(1) a prime number?
True
Suppose 4*r = -5*g + 2457491, -1228729 = 20*r - 22*r + 3*g. Is r prime?
False
Suppose -i - 3 = 5*p, 5*i + 0*p = -p + 33. Let h(f) = 630*f - 1. Is h(i) composite?
False
Suppose 2*f = 5*h + 175464, 5*h - 98641 - 252257 = -4*f. Is f a prime number?
False
Let u(p) = 2*p - 4. Let v be u(3). Suppose -136*j - 9110 = -146*j. Suppose v*y - 771 - j = 0. Is y a composite number?
True
Is (33/66)/((-2)/(-33148)) composite?
False
Suppose 17*z = 1998399 + 528872. Is z a composite number?
False
Is 4*18978865/(-30)*(7 - 68/8) a composite number?
False
Let k(d) = -3190*d - 4247. Is k(-4) prime?
True
Let a = -4126 - -70125. Is a a prime number?
False
Is 14/105 + (-2386608)/(-90) composite?
True
Let d = -78447 + 150842. Is d a composite number?
True
Let y be (-11480472)/(-44) + 6/33. Let z be y/50 - 4/10. Let t = -1371 + z. Is t prime?
True
Let y = -9259 + 24816. Is y a prime number?
False
Suppose 4728717 = 29*l - 7*l + 41*l. Is l prime?
False
Let k be ((-165)/110)/(3/(-4)). Let l(n) = 3444*n - 27. Is l(k) prime?
False
Suppose 66332 = 12*j - 129088. Is j prime?
False
Is 53124513/156 - 9/12 a composite number?
False
Suppose 2*g = -5*i + 3746 + 13452, -2*i = 3*g - 25797. Suppose -5*z = 4*b - 11462, -2*b - 5*z + g = b. Is b a composite number?
True
Let v = -245 - -251. Suppose 0 = -v*p + 6456 + 2406. Is p 